900. What are the prime factors of k?
2, 3, 541
Suppose 0 = 20*v - 20110 + 46971 - 665421. List the prime factors of v.
2, 13, 307
Let n(a) = -109*a - 27. Let r(b) = b - 1. Let v(t) = n(t) + r(t). List the prime factors of v(-3).
2, 37
Let c(r) = 2*r**2 + 7*r - 12. Let u(w) = 2*w + 40. Let y = -19 + -4. Let g be u(y). List the prime factors of c(g).
2, 3
Let w = 93 + -25. Suppose 0 = w*d - 72*d + 40. Suppose 0 = -2*b + 132 - d. What are the prime factors of b?
61
What are the prime factors of 18/4*(-8465972)/(-2007)?
2, 9491
Suppose -2344 = 26*n - 28*n. Suppose 2*p + 3*a - 782 = 4*a, 3*p - n = a. List the prime factors of p.
2, 3, 5, 13
Suppose 5*x - 4*z - 184 = 0, 5*z - 8*z + 177 = 5*x. Suppose -3*s - 9*s + x = 0. Suppose -2*o + 4*y = -328, s*o - 3*y - 501 = -0*o. List the prime factors of o.
2, 5, 17
Let n(b) = -59*b**2 + 2*b + 1. Let u(r) = r**2 - r - 2. Let c(o) = -n(o) - 3*u(o). Let k be c(-2). Let i = k - 26. What are the prime factors of i?
3, 67
Let b = -1 + 114. Let l(o) = -22*o. Let v be l(2). Let j = b - v. What are the prime factors of j?
157
Suppose -4*r + m + 54 = 37, 0 = -4*r - 4*m - 8. Suppose -r*a + 97 = -668. What are the prime factors of a?
3, 5, 17
Let h(y) = 95*y**2 - 13*y + 15. What are the prime factors of h(13)?
15901
Suppose 6*r - 1840959 = -37*r. List the prime factors of r.
3, 67, 71
Let o = 22422 - 9541. What are the prime factors of o?
11, 1171
List the prime factors of ((-2)/6)/(9 + (-2445)/270) + 27437.
13, 2111
Suppose 106463 = -145*l + 720262 + 661331. What are the prime factors of l?
2, 4397
Let r = 13702 - -3314. What are the prime factors of r/216*(-27)/(-3)?
709
Suppose 8*f - 3*f = 749900. List the prime factors of f/150 - (-4)/30.
2, 5
Let v(j) = 21 - 68*j - 66*j + 17*j. What are the prime factors of v(-4)?
3, 163
Let g = 1542 + 24899. What are the prime factors of g?
137, 193
Let y be -1 + (-10)/(-4) + (-3542)/(-4). Let i = y + -108. What are the prime factors of i?
19, 41
Suppose 0 = i + 4*i - 30. Let j be 2/i - (-17)/(-51) - -2. Suppose -l - 3*z + 67 = -0*z, -j*l = -2*z - 142. List the prime factors of l.
2, 5, 7
Suppose 9*w - 2418 = -7224. Let q = w - -1056. What are the prime factors of q?
2, 3, 29
Let v = 149 + -146. Suppose r + 5 = 0, v*r = -18*p + 19*p - 364. What are the prime factors of p?
349
Let w(a) = 19*a**2 - 2*a**2 + 41 + 5*a - 48. List the prime factors of w(-3).
131
Suppose -3 = -5*n + 17. Suppose 3*q = j - 659, 8*j - n*j = 4*q + 2652. List the prime factors of j.
5, 7, 19
Suppose -17*n + 930 = -15*n. Suppose -n = -7*j + 2*j. What are the prime factors of j?
3, 31
Suppose 5*w + 104*p - 20502 = 105*p, 20494 = 5*w + 3*p. What are the prime factors of w?
2, 5, 41
Let n(v) = -v + 17. Suppose -6*h + 8*h = -2. Let d be 13*(-4 + (2 - h)). What are the prime factors of n(d)?
2, 3, 5
Suppose 0 = -3*u - k - 5 - 2, 5*k = 25. List the prime factors of (-539 - 9)*u/(-16)*-1.
137
Let x = 201 + -198. Suppose 17 = -5*b - x, 2*b - 658 = -n. What are the prime factors of n?
2, 3, 37
Let v(r) = 14*r - 72. Let p(c) = -5*c + 24. Let f(n) = 8*p(n) + 3*v(n). Let g be f(13). What are the prime factors of (g - 0)*190/20?
19
Suppose 2650282 = 153*s - 1905752. List the prime factors of s.
2, 3, 7, 709
Suppose -26*h - 4326 = -47*h. List the prime factors of h.
2, 103
Let n = 16356 + 3162. What are the prime factors of n?
2, 3, 3253
Suppose -442*c - 569490 = -226*c - 246*c. List the prime factors of c.
41, 463
Suppose -4*g - 1350 = -7*g. Let s be (-2)/(-7) - g/(-42). Let z(q) = -q**2 + 14*q + 6. List the prime factors of z(s).
3, 13
Let y = 47 + -42. Suppose 0 = -y*l + 8*l + 18. What are the prime factors of (-39)/9 + 4 - 302/l?
2, 5
Suppose 0 = 11*c - 6*c - 20. Suppose -c = -r + 11. What are the prime factors of ((-296)/(-6))/(10/r)?
2, 37
Let s be (-9 - -8)/(7/8 - 1). Let d(q) = 2*q**3 - 6*q**2 - 2*q + 21. What are the prime factors of d(s)?
3, 5, 43
Let g(x) = -7*x**3 - 13*x**2 - x + 30. List the prime factors of g(-14).
2, 3, 29
What are the prime factors of (93 - 91)*(13650/4 + 1)?
6827
Suppose 53104 = 4*k - 4*j, -2*k - 9*j = -13*j - 26566. List the prime factors of k.
3, 4423
Let g(m) = -3*m**2 + 669*m - 471. What are the prime factors of g(157)?
3, 5, 13, 157
Let u be 37*(-1)/4*-4. Suppose -3*i + u*i = 27778. List the prime factors of i.
19, 43
Suppose 5*v - 46 = 3*q + 4, -3*v + 12 = 0. Let a be (-54)/(-45)*q/(-6). Suppose -a*o = o - 5*u - 184, -2*o + 4*u = -120. List the prime factors of o.
2, 17
Suppose 2*n = w + 9, -2 = -2*n + 4*w + 10. Let r be 2/(-4)*0/n. Suppose 0 = -4*d + 2*f + 774, r = 7*d - 2*d + 4*f - 961. List the prime factors of d.
193
Let h be ((-3 - -3)/(-2))/2 - 2. Let w be (-5)/h*(4/(-1) + 140). Let z = w - 107. What are the prime factors of z?
233
Suppose -3*a - 2*a + 88 = 4*k, 18 = a + k. Let n(v) = -a + 16 - 17*v. List the prime factors of n(-4).
2, 17
Suppose 36*k - 35*k - 4*x = 14772, 4*x = -3*k + 44284. List the prime factors of k.
2, 3691
Suppose -7*q = 5*t - 6*q - 10242, t - 2054 = -3*q. List the prime factors of t.
2
Suppose -3*s - 123*i + 126*i = -2388, -4*s + 3196 = -i. List the prime factors of s.
2, 5
Let q = 5735 + -4475. What are the prime factors of q?
2, 3, 5, 7
Let m = 226 - 260. List the prime factors of 398304/816 - (-4)/m.
2, 61
Let a = -28261 - -43994. What are the prime factors of a?
15733
Let i = -2848 + 5571. What are the prime factors of i?
7, 389
Let i be 833718/12 + 2/((-12)/9). List the prime factors of (-1)/6 - i/(-42).
2, 827
Let d(t) = -72*t**3 + 7*t**2 + t. Let l be d(-2). Suppose 2*j = 5*s - l, -4*s + j = -0*j - 484. What are the prime factors of s?
2, 61
Let x(b) = 2*b**3 + b**2 - 1. Suppose 2*j - 6*j = -2*r + 6, -r = 2*j + 1. Let w be x(j). What are the prime factors of w/(-5) + (4672/20 - -1)?
5, 47
Let m(q) = 31*q - 1587. List the prime factors of m(58).
211
Let w(a) = 446*a + 190. List the prime factors of w(13).
2, 3, 499
Let i(o) = 118*o - 5. Let g be i(1). What are the prime factors of -19*g/(-3) - (-49)/147?
2, 179
Let j(m) = -m**3 + 2*m**2 + 11*m + 13. Suppose 19*l + 2 = 20*l + 3*a, 2*l - 4*a + 16 = 0. What are the prime factors of j(l)?
5, 13
Suppose -69*q + 45*q - 13152 = 0. Let a = 1145 + q. What are the prime factors of a?
3, 199
Let x = 25 - 28. List the prime factors of (x/(-2))/((-18)/(-5436)).
3, 151
Let f = 76 - 73. Suppose 0 = f*c - c + 5*z - 636, -2*c + 600 = -4*z. Let v = -192 + c. List the prime factors of v.
2, 29
Suppose -t = 13*t + 16884. Let j = t - -2346. What are the prime factors of j?
2, 3, 5, 19
Let c be (1 + -4 + 4)*4. Let t(p) = 11*p**2 - 8*p + 23. List the prime factors of t(c).
167
Suppose 3*x = 13*x + 20. List the prime factors of (-2)/(((-8)/(-1882))/x).
941
Let w = 37993 + -21994. List the prime factors of w.
3, 5333
Let m(y) = 2*y**2 - 25*y - 6. Let d be (((-6)/(-12))/(-1))/(2/124). Let l be 1/((-1)/3) - 558/d. What are the prime factors of m(l)?
3, 23
Suppose -5*x = m - 406574, 37*m = -3*x + 42*m + 243950. List the prime factors of x.
3, 5, 13, 139
Let i(w) = 15*w**2 - w + 1. Suppose d = 5*g - 0*d + 13, g + 2*d = -7. Let m be i(g). Suppose m = 3*q - 20. What are the prime factors of q?
53
Let c(v) = -v**3 + 9*v**2 - 14*v + 51. Let s be c(8). What are the prime factors of (886 + -1)/s - (8 + -3)?
2, 5, 29
Suppose -22 = -5*c + 3*l, -3*l + 18 = c + 2*c. Suppose 0 = s - 3 + c. What are the prime factors of -2*(-1)/s*-29?
29
Suppose 2700611 = 329*x - 5613219. What are the prime factors of x?
2, 5, 7, 19
Let x be (-7 - (-162)/24)*20. List the prime factors of (x + 3)/(-6) + 7692/36.
2, 107
Let q(c) = 43*c + 6. Let f be q(-5). Let g = f + -4. What are the prime factors of (-3)/(648/g + (4 - 1))?
71
Suppose -c - 3*f = -624, -4*c + 2571 = -0*c - 3*f. List the prime factors of c.
3, 71
Suppose o - 819 = -212 + 875. List the prime factors of o.
2, 3, 13, 19
Let h(y) = -35*y + 2427. What are the prime factors of h(18)?
3, 599
Suppose 0 = -122*p + 399578 + 156742. What are the prime factors of p?
2, 3, 5, 19
Suppose -3*o + 9070 + 5700 = -5*u, -4*o + 19672 = -4*u. List the prime factors of o.
2, 5, 491
Let f be -3*(-3 + 90)*12/(-3). Suppose 0 = -10*s - 2*s + f. List the prime factors of s.
3, 29
Let l = -7352 - -15352. What are the prime factors of l?
2, 5
Suppose 6*p - 8*p - 569 = 3*y, -5*y = -25. Let a = 462 + p. What are the 